
Evaluate (43 - (16 - -34) - (-1 + 89 + 0)) + -15.
-110
What is the value of 11 + (1 + -4 - (-22 + 5 + -47))?
72
Calculate -11 - (50 + -45 - (5 + 1 - 8)).
-18
What is -19 + (-28 - (40 - 19))?
-68
(0 - 8 - (-19 - -9) - -2) + (-2 - -1)
3
What is the value of -73 + (0 - 0) - (-192959 + 192966)?
-80
Calculate -9 + (-10 - -12) + (-8 + 6 - (66 + 1)).
-76
Evaluate 62 + -72 + (-84 - -165).
71
What is 3060 - 3040 - ((0 - 1) + 19 + -17)?
19
Evaluate 109 - (62 + -18) - 91.
-26
What is the value of (1 - -4 - (-2067 - -2084)) + -1 + 1?
-12
What is (-54 - (0 - 20)) + (8 - 4) + 2?
-28
What is the value of -6 - ((12 - (-4 + 9) - -4) + (31 - 7))?
-41
9 - (-31 - (2 - 14) - -9)
19
Evaluate 15 - 90 - ((-17 - -37) + -11 + 6 + -3).
-87
Evaluate -19 + 5 + -81 - (-3 - -9 - -8).
-109
-24 - -16 - (-31 - -32)
-9
-56 + (-3 - ((10 - (4 + 0)) + -5 + -3))
-57
What is -4 + 7 + 3 + (-9 - (28 - -30))?
-61
What is the value of (0 - -7) + ((4 - 8) + 18 - 6)?
15
What is the value of -114 - (7 + (-69 - 4))?
-48
What is the value of 39 + 7 + -11 - 141 - -4?
-102
-62 + 5 + 407 + -367
-17
What is -3 - 17 - (-4 + -15 + 32 + -31)?
-2
Calculate 6 + -3 + (-205 - -119 - (-1 + -11) - -1).
-70
Calculate (63 - 115 - 65) + -2 + -3 + -2 + 17.
-107
44 + 21 + -66 + -10 + 2 + 35
26
(-10 - -7 - 3 - 5) + (1 - 4)
-14
(-28 - -11) + 9 - -59 - 28
23
27 - (-1147 + 1119 + (-10 - -1))
64
-4 + (33 + -15 - 41) + -12 + -13
-52
Evaluate (12 - 32) + 0 + -7.
-27
What is the value of 12 - (1 + -22 + (-8 - -14) + 4)?
23
What is (-1 - 0) + (10 - 1) - (-12 - -76 - 108)?
52
What is the value of 8 - (-1 - (-11 + -4 + (-6 - -15))) - -41?
44
What is the value of 66 + -178 - -92 - (1 - (9 + -4 + 1))?
-15
Evaluate 14 - (-81 + 19) - 25.
51
Evaluate -6 - -103 - ((-25 - -6) + 42 + -6).
80
64 + (58 - 108 - -29)
43
What is 88 - 113 - (-2 - (-6 - 13))?
-42
Evaluate 23 + 162 + -219 + -1 + -96.
-131
Evaluate -1 + -1 + 54 + 1 + 118 + -155 + 30.
46
Calculate 1 + -38 + (-1 - -1) + (288 - 79) + -199.
-27
What is the value of -6 - -1 - -30 - 4 - (-6 - -7)?
20
Calculate 6 + (-31 + 16 - 26) + 25.
-10
Calculate 109 - (67 + 62 + -114).
94
What is the value of (-4 - (6 + 1) - -11) + -12 + 52?
40
Evaluate (-173 - (148 - 287)) + -16 + -1.
-51
Calculate 20 + -2 + -12 - (-1 + 1).
6
Calculate 27 - (150 + -77) - 21.
-67
Evaluate (-48 + 58 - (0 - 0)) + (35 - (1 - -2)).
42
Evaluate 1 + 5 - (-14 + -20 + 6) - (5 + -7).
36
(12 - 10 - (25 - 3) - -19) + -60
-61
Evaluate (13 - (0 - 1 - (-62 - -54))) + (-183 - -82).
-95
What is 282 + -340 + 23 + -42?
-77
29 - ((28 - 1) + -174 + 154)
22
Calculate -16 - (9 - 0) - (-21 - (6 - 41)).
-39
What is the value of 19 + -113 + 76 - 64?
-82
What is (-11 + -7 - (-179 - -163)) + 48?
46
Calculate 1 + 35 + (-7589 - -7625).
72
(46 - 0) + (223 + -464 - -233)
38
What is the value of -1 + -21 + (-13 - -1) + 60?
26
What is the value of 66 + (-41 - -61) + -9?
77
What is (499 - 501) + 1 + (15 - -3)?
17
Evaluate -180 + (102 - -9) + 1.
-68
What is the value of -2 + 18 + -18 - (-4 + (6 - -1)) - -38?
33
Evaluate (-19 - -3) + 339 + -217 + 9 + 8.
123
What is the value of 30 + (35 - (28 + -27))?
64
What is -37 + 2 + (3427 - 3445) + 1 + (15 - 2)?
-39
What is the value of 5 + 3 + -12 + (6 - (5 + -15)) - -10?
22
Evaluate (35 - -10) + -37 + (-11 - 0) + (-55 - 1).
-59
Calculate -2 - (-1 - (-1 - -3)) - (-5 - -2) - 95.
-91
What is the value of -1 + -9 + 2 + 16 + (9 - 29) + -2?
-14
-38 + 72 + -37 - (12 + 50)
-65
Calculate -53 + -10 - (157 - 236).
16
Evaluate 30 + -8 + (23 - 59 - -3).
-11
What is the value of -5 + -13 - -10 - (27 + (20 - -17))?
-72
13 + -11 + 2 + 77 + 12 + -9
84
Calculate (36 + -16 - 72) + 91.
39
Evaluate 125 + -133 - (-21 + -5) - 92.
-74
What is (23 - (18 - (19 + -17))) + 27?
34
Calculate (-2 - (-1 + 68)) + (-30 + 1 - (466 + -503)).
-61
Evaluate -10 + -33 + (68 - -37) + 29.
91
What is 37 + (37 - 54) + 35?
55
What is the value of (13 + 19 - 11) + -7 - (-3 - -9)?
8
-6 - -1 - (-9 + -10 - -11) - (-50 - 9)
62
What is -6 - (6 + (-52 - 4)) - (5 + (25 - 30))?
44
What is the value of 5 - ((-12 - (-6 - (10 - 6)) - -4) + 4)?
-1
Calculate -1 + (112 + -61 - 60) + (2 + 0 - 38).
-46
What is the value of -45 + 34 + (-24 - -35) + -43?
-43
What is 41 - (-15 + 62 - -20)?
-26
Calculate -62 - ((-2 - -14 - (7 + 1 - 7)) + -24).
-49
-10 - (-10 + -11 + -6 + 20 + 10 + -10)
-3
What is -3 - 68 - (357 - 397) - (-1 + 9)?
-39
(122 - 46) + -63 + 57 - (-2 + (-1 - -4))
69
Evaluate 47 + -83 + -40 - -122.
46
Evaluate -11 - -48 - (-9 + 12).
34
What is the value of -3 - 28 - (-463 - -412)?
20
Evaluate 45 + -51 + -52 - -94.
36
(21 - -38) + -15 + 22
66
Calculate 1 + 2 + (-8 - (-9 - 3)) + -2 + 15.
20
What is the value of 117 - 127 - (-3 + (-2 - 1 - -4)) - -5?
-3
What is 1 - 10 - (-3 - (38 - -1))?
33
What is the value of -10 + 0 + (-102 - -4) + 114?
6
2 + (8 - (-1 + 3)) - (-41 - -31)
18
Calculate (0 - 113 - 0 - (-6485 + 6487)) + 20.
-95
22 + -5 - (23 + -28 + -143 + 23)
142
What is the value of 6 + (10 - -1) + 18?
35
Evaluate 195 - 191 - ((-3 - -16) + 4).
-13
What is -72 + (54 - (-4 - -11)) + -22?
-47
What is -1 - -4 - 10 - (-85 + 110)?
-32
Evaluate 29 + -4 - (156 - 76).
-55
Calculate -3 - (-15 + (-8 - -31 - -24)).
-35
What is the value of (70 - (3 + -6)) + 56 + -61 + 14?
82
Calculate 15 + (17 - 19) - 17 - -8 - (8 - 72).
68
What is the value of -123 + -37 - -143 - (2 + 54)?
-73
Evaluate 41 + -23 - -11 - (-4 + -11).
44
What is 70 + 18 + -45 + -95?
-52
What is (15 - -3) + (47 + -202 + -23 - -35)?
-125
Evaluate -125 + 128 + -6 + 6 + 12 + -5.
10
Calculate 77 - ((-22 - (20 - 20) - -23) + 5).
71
Calculate 76 + -1 + 5 - (-29 - -10 - -20).
79
What is the value of 47 + -56 + 20 - (-1 - -1)?
11
What is -63 - -109 - (16 + 4)?
26
Calculate 2 - 20 - (-13 - (3 + 0 + -19)).
-21
What is 8 - ((58 - (20 - -4)) + -11)?
-15
What is the value of -10 + 20 + 9 + -16 - (2 - -35)?
-34
Calculate -4 + (-6 - -70) + (6 - 24).
42
(-82 - -61) + (63 - 3)
39
What is 5083 - 5128 - (-116 + -1)?
72
What is -151 + 226 - (16 - -26)?
33
163 - -9 - (-80 + 167)
85
Calculate -25 + 27 + 115 + (-22 - -27 - (-1 + -2)).
125
Calculate 6 + -10 - -4 - (-2 - 25).
27
What is -71 + 51 + (-18 - (-27 - -13))?
-24
Evaluate 13 + 9 + -60 - 10 - 19.
-67
-1 + -61 + 28 + (12 - 13 - (-18 + 4))
-21
(2 - ((2 - -1) + -13)) + -2327 + 2261
-54
Calculate 9 + ((-4 + 12 - 8) + -7 + 47 - 13).
36
39 + -4 - (-1 + (-56 - -86))
6
Evaluate 29 - (46 - (126 - 61)).
48
Evaluate (-70 - -32) + 18 + 0 + 22.
2
(689 - 694) + (1 + 39 - -1)
36
What is the value of 53 + -22 - (19 + -23 + 6 + -8)?
37
What is the value of ((-4 - 0) + 0 - 63) + -20 + 4 + 17?
-66
Evaluate 37 - -46 - 183 - -29.
-71
What is (-7 - -8) + (43 - 97 - 2) + (-16 - -1)?
-70
-58 + (5 - -8) - (2 + (-34 - -16))
-29
Evaluate 49 + -24 + 25 + -26 + 13.
37
-30 + (11 - (34 - 77)) + -112
-88
-5 - -2 - 44 - (57 - 70) - -9
-25
Calculate 43 + -15 - (0 - (-9 - (-26 + 8))).
37
2 + 1 - -1 - (30 + -58 - -11)
21
What is the value of (-14 - (6 + -8)) + 0 + (-53 - -156)?
91
What is -31 - -20 - -3 - (-52 - (-6 - -13))?
51
What is the value of -7 + (6 - -9 - 0) + (64 - 115)?
-43
37 - (19 - ((7 - 4 - 1) + 9))
29
67 + (72 - 102) - 79
-42
-137 + 27 + -15 + (-12 - -38)
-99
What is -4 + -11 + 8 + -3 + (-9 - (-8 + 8))?
-19
2 + -69 + (145 + -158 - (-7 + (-2 - -1)))
-72
5 - 43 - (-3 + (-6 - -17))
-46
What is the value of -52 + -3 + -8 + 3 + 11?
-49
Calculate 25 + (-30 - (12 + -23)) - -42.
48
What is the value of 36 + 93 + -70 + -1 + 0 + -5?
53
19 - -3 - 10 - (-35 + 23)
24
What is (-14 - (3 - 17 - (-224 - -253))) + (-1 - -5)?
33
What is 19 + (56 + -3 - -13) + -5?
80
1 + -1 + (-6 - (-15 - -9 - 1)) + 38
39
Calculate 58 - -8 - (73 - (35 - -42)).
70
What is the value of (17 - 1) + -1814 + 1793?
-5
What is the value of (-33 - 5) + (-104 - (-192 + -34))?
84
Calculate 3 - (-1 - -24) - (-22 + -1) - (-2 - -11).
-6
Evaluate -1 + -9 - ((48 - 0) + (91 - 83 - 20)).
-46
What is the value of (197 + -73 - -43) + -49 + (1 - -14)?
133
What is the value of -57 - (-6 - -13 - (15 - (2 - -3)) - -2)?
-56
What is 3 - (2 - 8) - 52 - (-5 + 2)?
-40
(-20 + 6 - 24) + 55
17
Evaluate -385 + 315 + -4 + 11 + 10.
-53
What is the value of -235 - -343 - (175 + 0)?
-67
Evaluate -14 - ((-12 - -2) + (25 + -10 - -101)).
-120
What is the value of 9 - (-57 - -35 - (2 + 7) - -5)?
35
(3 - -10) + 21 + -38 - -4
0
-165 - (105 - (-56 + 266))
-60
What i